of 735840.
2, 3, 5, 7, 73
What are the prime factors of 121901?
13, 9377
List the prime factors of 279774.
2, 3, 11, 157
List the prime factors of 631987.
631987
What are the prime factors of 21617366?
2, 3037, 3559
What are the prime factors of 3174048?
2, 3, 103, 107
List the prime factors of 2182573.
2182573
What are the prime factors of 4728539?
4728539
What are the prime factors of 1270531?
1270531
What are the prime factors of 2760461?
11, 250951
What are the prime factors of 2116323?
3, 11, 21377
What are the prime factors of 1873609?
19, 31, 3181
What are the prime factors of 451621?
451621
What are the prime factors of 243056?
2, 11, 1381
List the prime factors of 40429.
40429
What are the prime factors of 4289787?
3, 158881
What are the prime factors of 1168724?
2, 292181
List the prime factors of 8083592.
2, 11, 97, 947
List the prime factors of 237098.
2, 118549
List the prime factors of 20064588.
2, 3, 1129, 1481
What are the prime factors of 896205?
3, 5, 59747
What are the prime factors of 7619778?
2, 3, 141107
What are the prime factors of 126639?
3, 14071
List the prime factors of 1448077.
17, 103, 827
List the prime factors of 157841.
157841
What are the prime factors of 1088295?
3, 5, 13, 5581
What are the prime factors of 2480218?
2, 13, 95393
List the prime factors of 4283138.
2, 2141569
List the prime factors of 263288.
2, 32911
What are the prime factors of 20606?
2, 10303
List the prime factors of 324981.
3, 36109
List the prime factors of 1276548.
2, 3, 7, 13, 167
List the prime factors of 1202516.
2, 7, 67, 641
List the prime factors of 5652.
2, 3, 157
What are the prime factors of 607510?
2, 5, 79, 769
List the prime factors of 630248.
2, 78781
List the prime factors of 20447945.
5, 7, 11923
List the prime factors of 73858.
2, 36929
What are the prime factors of 356556?
2, 3, 43, 691
List the prime factors of 12426448.
2, 137, 5669
List the prime factors of 529195.
5, 109, 971
List the prime factors of 681580.
2, 5, 53, 643
What are the prime factors of 26483765?
5, 7, 11, 31, 317
What are the prime factors of 18373395?
3, 5, 1224893
What are the prime factors of 241330?
2, 5, 24133
What are the prime factors of 13075376?
2, 817211
What are the prime factors of 365816?
2, 11, 4157
List the prime factors of 140338.
2, 11, 6379
What are the prime factors of 968118?
2, 3, 317, 509
What are the prime factors of 1137804?
2, 3, 53, 1789
What are the prime factors of 21566185?
5, 47, 91771
List the prime factors of 193063.
13, 14851
List the prime factors of 4634973.
3, 7, 73571
List the prime factors of 2837479.
19, 149341
List the prime factors of 241026.
2, 3, 17, 139
List the prime factors of 3840943.
347, 11069
What are the prime factors of 2034484?
2, 508621
List the prime factors of 256109.
7, 36587
What are the prime factors of 801735?
3, 5, 11, 43, 113
What are the prime factors of 8613?
3, 11, 29
List the prime factors of 124505.
5, 37, 673
What are the prime factors of 1082073?
3, 373, 967
What are the prime factors of 192469?
197, 977
List the prime factors of 451204.
2, 13, 8677
List the prime factors of 834111.
3, 30893
List the prime factors of 1537684.
2, 17, 22613
What are the prime factors of 13010092?
2, 3252523
What are the prime factors of 153420?
2, 3, 5, 2557
List the prime factors of 407699.
407699
What are the prime factors of 5924776?
2, 11, 13, 5179
What are the prime factors of 3697401?
3, 31, 83, 479
List the prime factors of 3210937.
163, 19699
What are the prime factors of 666385?
5, 133277
What are the prime factors of 413886?
2, 3, 11, 6271
List the prime factors of 2132765.
5, 426553
List the prime factors of 609234.
2, 3, 59, 1721
What are the prime factors of 247267?
47, 5261
What are the prime factors of 2069624?
2, 258703
What are the prime factors of 106683?
3, 43, 827
What are the prime factors of 10803812?
2, 701, 3853
What are the prime factors of 4883878?
2, 677, 3607
List the prime factors of 82865.
5, 16573
List the prime factors of 1612777.
19, 29, 2927
List the prime factors of 480608.
2, 23, 653
List the prime factors of 2548591.
2548591
List the prime factors of 3372754.
2, 7, 11, 181
List the prime factors of 506922.
2, 3, 13, 67, 97
List the prime factors of 1656278.
2, 13, 63703
What are the prime factors of 2569159?
17, 79, 1913
List the prime factors of 2143194.
2, 3, 357199
What are the prime factors of 15693352?
2, 1961669
What are the prime factors of 19293530?
2, 5, 449, 4297
What are the prime factors of 678826?
2, 339413
What are the prime factors of 43372?
2, 7, 1549
What are the prime factors of 2174409?
3, 241601
List the prime factors of 25066479.
3, 71, 137, 859
List the prime factors of 394686.
2, 3, 7309
What are the prime factors of 390965?
5, 78193
List the prime factors of 1086607.
1086607
List the prime factors of 295296.
2, 3, 769
List the prime factors of 12851901.
3, 29, 41, 1201
What are the prime factors of 582996?
2, 3, 19, 2557
List the prime factors of 92527.
67, 1381
List the prime factors of 6947004.
2, 3, 578917
What are the prime factors of 330082?
2, 165041
List the prime factors of 2177155.
5, 647, 673
What are the prime factors of 1213507?
113, 10739
List the prime factors of 11732908.
2, 11, 467, 571
List the prime factors of 16628567.
17, 978151
What are the prime factors of 2516149?
991, 2539
What are the prime factors of 1650329?
397, 4157
What are the prime factors of 838946?
2, 419473
What are the prime factors of 19909103?
19909103
What are the prime factors of 6570?
2, 3, 5, 73
What are the prime factors of 211219?
211219
What are the prime factors of 9318210?
2, 3, 5, 11, 17, 151
List the prime factors of 114297.
3, 31, 1229
What are the prime factors of 1533075?
3, 5, 20441
What are the prime factors of 381638?
2, 173, 1103
List the prime factors of 232367.
232367
List the prime factors of 3572383.
23, 127, 1223
List the prime factors of 1972279.
67, 29437
List the prime factors of 311657.
19, 47, 349
What are the prime factors of 171015?
3, 5, 13, 877
What are the prime factors of 711910?
2, 5, 71191
What are the prime factors of 1061336?
2, 132667
List the prime factors of 425452.
2, 106363
What are the prime factors of 661227?
3, 7, 23, 37
List the prime factors of 4489.
67
What are the prime factors of 991529?
7, 11, 79, 163
What are the prime factors of 22389004?
2, 11, 508841
List the prime factors of 14011395.
3, 5, 61, 15313
What are the prime factors of 7001314?
2, 17, 12113
What are the prime factors of 63460?
2, 5, 19, 167
List the prime factors of 50324.
2, 23, 547
What are the prime factors of 1064182?
2, 7, 10859
List the prime factors of 4264033.
4264033
What are the prime factors of 7350586?
2, 547, 6719
What are the prime factors of 3639002?
2, 59, 30839
List the prime factors of 3675564.
2, 3, 34033
What are the prime factors of 1061242?
2, 7, 13, 17
List the prime factors of 17674891.
13, 29, 173, 271
List the prime factors of 1367350.
2, 5, 23, 29, 41
List the prime factors of 13684.
2, 11, 311
List the prime factors of 743292.
2, 3, 11, 1877
List the prime factors of 36552943.
7, 5221849
What are the prime factors of 6919736?
2, 864967
List the prime factors of 52687.
19, 47, 59
List the prime factors of 162916.
2, 13, 241
List the prime factors of 1446354.
2, 3, 7, 13, 883
What are the prime factors of 1650934?
2, 825467
What are the prime factors of 1449502?
2, 724751
List the prime factors of 11357907.
3, 11, 67, 467
What are the prime factors of 100968?
2, 3, 7, 601
List the prime factors of 506553.
3, 168851
What are the prime factors of 114865?
5, 22973
What are the prime factors of 3933776?
2, 7, 11, 31, 103
What are the prime factors of 28577189?
367, 77867
What are the prime factors of 3709672?
2, 17, 27277
List the prime factors of 660847.
11, 60077
What are the prime factors of 3031461?
3, 336829
List the prime factors of 458378.
2, 229189
List the prime factors of 763860.
2, 3, 5, 29, 439
List the prime factors of 286163.
286163
List the prime factors of 590985.
3, 5, 23, 571
List the prime factors of 210568.
2, 26321
What are the prime factors of 77144?
2, 9643
List the prime factors of 28484716.
2, 13, 233, 2351
What are the prime factors of 1707107?
1707107
List the prime factors of 600437